{"id":6,"date":"2016-11-11T14:40:15","date_gmt":"2016-11-11T13:40:15","guid":{"rendered":"https:\/\/clubdesrentiers.wordpress.com\/?page_id=3"},"modified":"2018-09-16T16:32:36","modified_gmt":"2018-09-16T14:32:36","slug":"a-propos","status":"publish","type":"page","link":"https:\/\/clubdesrentiers.com\/?page_id=6","title":{"rendered":"\u00c0 propos"},"content":{"rendered":"<p>Je suis S\u00e9bastien, un jeune ing\u00e9nieur et investisseur de 29 ans. Je m\u2019int\u00e9resse \u00e0 tous les investissements susceptibles de me faire avancer sur le chemin de l\u2019ind\u00e9pendance financi\u00e8re.<\/p>\n","protected":false},"excerpt":{"rendered":"<p>Ceci est un petit extrait destin\u00e9 \u00e0 la &nbsp;page \u00ab \u00c0 propos \u00bb.<\/p>\n","protected":false},"author":2,"featured_media":0,"parent":0,"menu_order":1,"comment_status":"closed","ping_status":"closed","template":"","meta":{"_monsterinsights_skip_tracking":false,"_monsterinsights_sitenote_active":false,"_monsterinsights_sitenote_note":"","_monsterinsights_sitenote_category":0},"_links":{"self":[{"href":"https:\/\/clubdesrentiers.com\/index.php?rest_route=\/wp\/v2\/pages\/6"}],"collection":[{"href":"https:\/\/clubdesrentiers.com\/index.php?rest_route=\/wp\/v2\/pages"}],"about":[{"href":"https:\/\/clubdesrentiers.com\/index.php?rest_route=\/wp\/v2\/types\/page"}],"author":[{"embeddable":true,"href":"https:\/\/clubdesrentiers.com\/index.php?rest_route=\/wp\/v2\/users\/2"}],"replies":[{"embeddable":true,"href":"https:\/\/clubdesrentiers.com\/index.php?rest_route=%2Fwp%2Fv2%2Fcomments&post=6"}],"version-history":[{"count":1,"href":"https:\/\/clubdesrentiers.com\/index.php?rest_route=\/wp\/v2\/pages\/6\/revisions"}],"predecessor-version":[{"id":117,"href":"https:\/\/clubdesrentiers.com\/index.php?rest_route=\/wp\/v2\/pages\/6\/revisions\/117"}],"wp:attachment":[{"href":"https:\/\/clubdesrentiers.com\/index.php?rest_route=%2Fwp%2Fv2%2Fmedia&parent=6"}],"curies":[{"name":"wp","href":"https:\/\/api.w.org\/{rel}","templated":true}]}}